{"id":27,"date":"2024-11-07T20:15:36","date_gmt":"2024-11-08T01:15:36","guid":{"rendered":"https:\/\/cpf-dev.uni.edu.pe\/?page_id=27"},"modified":"2024-11-07T21:24:58","modified_gmt":"2024-11-08T02:24:58","slug":"mision","status":"publish","type":"page","link":"https:\/\/cpf-dev.uni.edu.pe\/?page_id=27","title":{"rendered":"Acerca de la comisi\u00f3n"},"content":{"rendered":"\n<h2 class=\"wp-block-heading has-large-font-size\">Misi\u00f3n de la comisi\u00f3n permanente<\/h2>\n\n\n\n<p>Vigilar de oficio o a petici\u00f3n de parte, la gesti\u00f3n acad\u00e9mica, administrativa y econ\u00f3mica de la universidad nacional de ingenier\u00eda, verificando que se ajusten al principio de legalidad a fin de coadyuvar con una efectiva toma de decisiones de gobierno universitaria.<\/p>\n\n\n\n<hr class=\"wp-block-separator has-alpha-channel-opacity\"\/>\n\n\n\n<h2 class=\"wp-block-heading has-large-font-size\">Visi\u00f3n de la comisi\u00f3n permanente<\/h2>\n\n\n\n<p>Contribuir con el posicionamiento a nivel nacional e internacional de la Universidad Nacional de Ingenier\u00eda contribuyendo con el desarrollo nacional a trav\u00e9s de una eficiente gesti\u00f3n de recursos<\/p>\n\n\n\n<hr class=\"wp-block-separator has-alpha-channel-opacity\"\/>\n\n\n\n<h2 class=\"wp-block-heading has-large-font-size\">\u00c1mbito de competencia funcional<\/h2>\n\n\n\n<p>La Comisi\u00f3n Permanente de Fiscalizaci\u00f3n es el \u00f3rgano especial responsable de vigilar la gesti\u00f3n acad\u00e9mica, administrativa y econ\u00f3mica de la UNI. Cuenta con amplias facultades para solicitar informaci\u00f3n a toda instancia interna de la Universidad. Est\u00e1 obligada a guardar la debida confidencialidad de la informaci\u00f3n proporcionada, bajo responsabilidad.<\/p>\n","protected":false},"excerpt":{"rendered":"<p>Misi\u00f3n de la comisi\u00f3n permanente Vigilar de oficio o a petici\u00f3n de parte, la gesti\u00f3n acad\u00e9mica, administrativa y econ\u00f3mica de la universidad nacional de ingenier\u00eda, verificando que se ajusten al principio de legalidad a fin de coadyuvar con una efectiva toma de decisiones de gobierno universitaria. Visi\u00f3n de la comisi\u00f3n permanente Contribuir con el posicionamiento [&hellip;]<\/p>\n","protected":false},"author":1,"featured_media":31,"parent":0,"menu_order":0,"comment_status":"closed","ping_status":"closed","template":"","meta":{"footnotes":""},"class_list":["post-27","page","type-page","status-publish","has-post-thumbnail","hentry"],"_links":{"self":[{"href":"https:\/\/cpf-dev.uni.edu.pe\/index.php?rest_route=\/wp\/v2\/pages\/27","targetHints":{"allow":["GET"]}}],"collection":[{"href":"https:\/\/cpf-dev.uni.edu.pe\/index.php?rest_route=\/wp\/v2\/pages"}],"about":[{"href":"https:\/\/cpf-dev.uni.edu.pe\/index.php?rest_route=\/wp\/v2\/types\/page"}],"author":[{"embeddable":true,"href":"https:\/\/cpf-dev.uni.edu.pe\/index.php?rest_route=\/wp\/v2\/users\/1"}],"replies":[{"embeddable":true,"href":"https:\/\/cpf-dev.uni.edu.pe\/index.php?rest_route=%2Fwp%2Fv2%2Fcomments&post=27"}],"version-history":[{"count":7,"href":"https:\/\/cpf-dev.uni.edu.pe\/index.php?rest_route=\/wp\/v2\/pages\/27\/revisions"}],"predecessor-version":[{"id":57,"href":"https:\/\/cpf-dev.uni.edu.pe\/index.php?rest_route=\/wp\/v2\/pages\/27\/revisions\/57"}],"wp:featuredmedia":[{"embeddable":true,"href":"https:\/\/cpf-dev.uni.edu.pe\/index.php?rest_route=\/wp\/v2\/media\/31"}],"wp:attachment":[{"href":"https:\/\/cpf-dev.uni.edu.pe\/index.php?rest_route=%2Fwp%2Fv2%2Fmedia&parent=27"}],"curies":[{"name":"wp","href":"https:\/\/api.w.org\/{rel}","templated":true}]}}