{"id":67,"date":"2024-11-08T11:43:25","date_gmt":"2024-11-08T16:43:25","guid":{"rendered":"https:\/\/cpf-dev.uni.edu.pe\/?page_id=67"},"modified":"2024-11-08T11:44:43","modified_gmt":"2024-11-08T16:44:43","slug":"funciones-de-la-comision","status":"publish","type":"page","link":"https:\/\/cpf-dev.uni.edu.pe\/?page_id=67","title":{"rendered":"Funciones de la comisi\u00f3n"},"content":{"rendered":"\n<p>Mediante Resoluci\u00f3n Rectoral N\u00b0 142-2023 del 26.01.2023 se aprob\u00f3 el Reglamento de Organizaci\u00f3n y Funciones de la Universidad Nacional Ingenier\u00eda, y se crea la Comisi\u00f3n Permanente de Fiscalizaci\u00f3n como uno de los \u00d3rganos Especiales dentro de la estructura org\u00e1nica de la Universidad Nacional de Ingenier\u00eda.<br>Constituyen \u00d3rganos Especiales de la UNI los siguientes:<\/p>\n\n\n\n<ul class=\"wp-block-list\">\n<li>Defensor\u00eda Universitaria.<br><\/li>\n\n\n\n<li>Tribunal de Honor Universitario<br><\/li>\n\n\n\n<li>Comisi\u00f3n Permanente de Fiscalizaci\u00f3n.<\/li>\n<\/ul>\n\n\n\n<h2 class=\"wp-block-heading has-large-font-size\">Nuestras principales funciones son<\/h2>\n\n\n\n<ul class=\"wp-block-list\">\n<li><strong>Vigilar la gesti\u00f3n acad\u00e9mica, de investigaci\u00f3n, administrativa y econ\u00f3mica de la UNI.<\/strong><\/li>\n\n\n\n<li><strong>Solicitar informaci\u00f3n a toda instancia interna de la UNI para la verificaci\u00f3n de la gesti\u00f3n institucional.<\/strong><\/li>\n\n\n\n<li><strong>Emitir Informe T\u00e9cnico Legal respecto a la fiscalizaci\u00f3n de la gesti\u00f3n institucional, formular las recomendaciones y proponer medidas correctivas.<\/strong><\/li>\n\n\n\n<li><strong>Guardar la debida confidencialidad de la informaci\u00f3n proporcionada, bajo responsabilidad.<\/strong><\/li>\n\n\n\n<li><strong>Proponer a la Asamblea Universitaria, para su aprobaci\u00f3n, el Reglamento Interno de la Comisi\u00f3n Permanente de Fiscalizaci\u00f3n.<\/strong><\/li>\n\n\n\n<li><strong>Realizar otras funciones que establezca la Ley Universitaria, el Estatuto y las que le asigne la Asamblea Universitaria, dentro del \u00e1mbito de su competencia<\/strong><\/li>\n<\/ul>\n","protected":false},"excerpt":{"rendered":"<p>Mediante Resoluci\u00f3n Rectoral N\u00b0 142-2023 del 26.01.2023 se aprob\u00f3 el Reglamento de Organizaci\u00f3n y Funciones de la Universidad Nacional Ingenier\u00eda, y se crea la Comisi\u00f3n Permanente de Fiscalizaci\u00f3n como uno de los \u00d3rganos Especiales dentro de la estructura org\u00e1nica de la Universidad Nacional de Ingenier\u00eda.Constituyen \u00d3rganos Especiales de la UNI los siguientes: Nuestras principales funciones [&hellip;]<\/p>\n","protected":false},"author":1,"featured_media":31,"parent":0,"menu_order":0,"comment_status":"closed","ping_status":"closed","template":"","meta":{"footnotes":""},"class_list":["post-67","page","type-page","status-publish","has-post-thumbnail","hentry"],"_links":{"self":[{"href":"https:\/\/cpf-dev.uni.edu.pe\/index.php?rest_route=\/wp\/v2\/pages\/67","targetHints":{"allow":["GET"]}}],"collection":[{"href":"https:\/\/cpf-dev.uni.edu.pe\/index.php?rest_route=\/wp\/v2\/pages"}],"about":[{"href":"https:\/\/cpf-dev.uni.edu.pe\/index.php?rest_route=\/wp\/v2\/types\/page"}],"author":[{"embeddable":true,"href":"https:\/\/cpf-dev.uni.edu.pe\/index.php?rest_route=\/wp\/v2\/users\/1"}],"replies":[{"embeddable":true,"href":"https:\/\/cpf-dev.uni.edu.pe\/index.php?rest_route=%2Fwp%2Fv2%2Fcomments&post=67"}],"version-history":[{"count":2,"href":"https:\/\/cpf-dev.uni.edu.pe\/index.php?rest_route=\/wp\/v2\/pages\/67\/revisions"}],"predecessor-version":[{"id":71,"href":"https:\/\/cpf-dev.uni.edu.pe\/index.php?rest_route=\/wp\/v2\/pages\/67\/revisions\/71"}],"wp:featuredmedia":[{"embeddable":true,"href":"https:\/\/cpf-dev.uni.edu.pe\/index.php?rest_route=\/wp\/v2\/media\/31"}],"wp:attachment":[{"href":"https:\/\/cpf-dev.uni.edu.pe\/index.php?rest_route=%2Fwp%2Fv2%2Fmedia&parent=67"}],"curies":[{"name":"wp","href":"https:\/\/api.w.org\/{rel}","templated":true}]}}