{"id":73,"date":"2024-11-08T11:56:15","date_gmt":"2024-11-08T16:56:15","guid":{"rendered":"https:\/\/cpf-dev.uni.edu.pe\/?page_id=73"},"modified":"2024-11-08T11:56:24","modified_gmt":"2024-11-08T16:56:24","slug":"gestiones","status":"publish","type":"page","link":"https:\/\/cpf-dev.uni.edu.pe\/?page_id=73","title":{"rendered":"Gestiones"},"content":{"rendered":"\n<h2 class=\"wp-block-heading has-large-font-size\">Gesti\u00f3n Administrativa<\/h2>\n\n\n\n<ul class=\"wp-block-list is-style-default\">\n<li>Comprende el cumplimiento de los <em><strong>principios, normas, procedimientos, t\u00e9cnicas e instrumentos correspondientes a las actividades de la Administraci\u00f3n P\u00fablica<\/strong><\/em> en el \u00e1mbito de la Universidad Nacional de Ingenier\u00eda.<\/li>\n\n\n\n<li>La Comisi\u00f3n Permanente de Fiscalizaci\u00f3n de la Asamblea Universitaria de la Universidad Nacional de Ingenier\u00eda es un centro de costo, con presupuesto propio.<\/li>\n\n\n\n<li>Cuenta con su Plan Operativo Institucional, al mismo que desde el mes de enero a la fecha se ha realizado las evaluaciones mensuales del POI 2024 en el Aplicativo CEPLAN, donde se incluyen dos actividades:\n<ul class=\"wp-block-list\">\n<li>Vigilar la gesti\u00f3n acad\u00e9mica, de investigaci\u00f3n, administrativa y econ\u00f3mica de la UNI.<\/li>\n\n\n\n<li>Promover Acciones de Promoci\u00f3n<\/li>\n<\/ul>\n<\/li>\n\n\n\n<li>Promover Acciones de Promoci\u00f3n.<\/li>\n<\/ul>\n\n\n\n<h2 class=\"wp-block-heading has-large-font-size\">Gesti\u00f3n de fiscalizaci\u00f3n<\/h2>\n\n\n\n<ul class=\"wp-block-list\">\n<li>La Comisi\u00f3n Permanente de Fiscalizaci\u00f3n -CPF-, tiene su creaci\u00f3n en la Ley N\u00ba 30220, Ley Universitaria, del 09 de julio del 2014, que en su art\u00edculo 77\u00b0 establece que: <em>\u201cla Comisi\u00f3n Permanente de Fiscalizaci\u00f3n, es el \u00f3rgano encargado de vigilar la gesti\u00f3n acad\u00e9mica, administrativa y econ\u00f3mica de la universidad p\u00fablica\u2026\u201d.<\/em><\/li>\n\n\n\n<li>Seg\u00fan lo establecido en el art\u00edculo 2\u00b0 del Reglamento de la Comisi\u00f3n Permanente de Fiscalizaci\u00f3n, aprobado por el Consejo Universitario en su Sesi\u00f3n Ordinaria N\u00b0 06, del 12 de abril de 2023, mediante <strong>Resoluci\u00f3n Rectoral N\u00b0 1039-2023-UNI<\/strong>; la Comisi\u00f3n Permanente de Fiscalizaci\u00f3n CPF, tiene como Finalidad:\n<ul class=\"wp-block-list\">\n<li>Velar por el estricto cumplimiento de la normatividad legal, conformada por la Constituci\u00f3n Pol\u00edtica del Estado Peruano, la Ley Universitaria, los Estatutos de la Universidad Nacional de Ingenier\u00eda y dem\u00e1s normas que deriven de estas<\/li>\n\n\n\n<li>Recibir, tramitar, pronunciarse e informar sobre cualquier denuncia que presente uno o m\u00e1s miembros de la Comunidad Universitaria<\/li>\n<\/ul>\n<\/li>\n<\/ul>\n","protected":false},"excerpt":{"rendered":"<p>Gesti\u00f3n Administrativa Gesti\u00f3n de fiscalizaci\u00f3n<\/p>\n","protected":false},"author":1,"featured_media":31,"parent":0,"menu_order":0,"comment_status":"closed","ping_status":"closed","template":"","meta":{"footnotes":""},"class_list":["post-73","page","type-page","status-publish","has-post-thumbnail","hentry"],"_links":{"self":[{"href":"https:\/\/cpf-dev.uni.edu.pe\/index.php?rest_route=\/wp\/v2\/pages\/73","targetHints":{"allow":["GET"]}}],"collection":[{"href":"https:\/\/cpf-dev.uni.edu.pe\/index.php?rest_route=\/wp\/v2\/pages"}],"about":[{"href":"https:\/\/cpf-dev.uni.edu.pe\/index.php?rest_route=\/wp\/v2\/types\/page"}],"author":[{"embeddable":true,"href":"https:\/\/cpf-dev.uni.edu.pe\/index.php?rest_route=\/wp\/v2\/users\/1"}],"replies":[{"embeddable":true,"href":"https:\/\/cpf-dev.uni.edu.pe\/index.php?rest_route=%2Fwp%2Fv2%2Fcomments&post=73"}],"version-history":[{"count":1,"href":"https:\/\/cpf-dev.uni.edu.pe\/index.php?rest_route=\/wp\/v2\/pages\/73\/revisions"}],"predecessor-version":[{"id":75,"href":"https:\/\/cpf-dev.uni.edu.pe\/index.php?rest_route=\/wp\/v2\/pages\/73\/revisions\/75"}],"wp:featuredmedia":[{"embeddable":true,"href":"https:\/\/cpf-dev.uni.edu.pe\/index.php?rest_route=\/wp\/v2\/media\/31"}],"wp:attachment":[{"href":"https:\/\/cpf-dev.uni.edu.pe\/index.php?rest_route=%2Fwp%2Fv2%2Fmedia&parent=73"}],"curies":[{"name":"wp","href":"https:\/\/api.w.org\/{rel}","templated":true}]}}