{"id":79,"date":"2024-11-08T12:07:32","date_gmt":"2024-11-08T17:07:32","guid":{"rendered":"https:\/\/cpf-dev.uni.edu.pe\/?page_id=79"},"modified":"2024-11-08T12:07:37","modified_gmt":"2024-11-08T17:07:37","slug":"conformacion-del-comite","status":"publish","type":"page","link":"https:\/\/cpf-dev.uni.edu.pe\/?page_id=79","title":{"rendered":"Conformaci\u00f3n del comite"},"content":{"rendered":"\n<p>La Comisi\u00f3n Permanente de Fiscalizaci\u00f3n es el \u00f3rgano especial responsable de vigilar la gesti\u00f3n acad\u00e9mica, administrativa y econ\u00f3mica de la UNI. Cuenta con amplias facultades para solicitar informaci\u00f3n a toda instancia interna de la Universidad. Est\u00e1 obligada a guardar la debida confidencialidad de la informaci\u00f3n proporcionada, bajo responsabilidad.<\/p>\n\n\n\n<p><\/p>\n\n\n\n<figure class=\"wp-block-table\"><table class=\"has-fixed-layout\"><tbody><tr><td class=\"has-text-align-center\" data-align=\"center\"><strong>Nombres y Apellidos<\/strong><\/td><td class=\"has-text-align-center\" data-align=\"center\"><strong>Facultad<\/strong><\/td><td class=\"has-text-align-center\" data-align=\"center\"><strong>Categor\u00eda<\/strong><\/td><td class=\"has-text-align-center\" data-align=\"center\">C<strong>ondici\u00f3n<\/strong><\/td><\/tr><tr><td class=\"has-text-align-center\" data-align=\"center\">MAG. INGENIERO JOS\u00c9 ALEX CHAPARRO M\u00c9NDEZ<\/td><td class=\"has-text-align-center\" data-align=\"center\">Facultad de Arquitectura Urbanismo y Artes<\/td><td class=\"has-text-align-center\" data-align=\"center\">Asociado<\/td><td class=\"has-text-align-center\" data-align=\"center\">Miembro Titular<\/td><\/tr><tr><td class=\"has-text-align-center\" data-align=\"center\">DRA. GLORIA TERESITA HUAMAN\u00cd HUAMAN\u00cd<\/td><td class=\"has-text-align-center\" data-align=\"center\">Facultad de Ingenier\u00eda Industrial y Sistemas<\/td><td class=\"has-text-align-center\" data-align=\"center\">Principal<\/td><td class=\"has-text-align-center\" data-align=\"center\">Miembro Titular<\/td><\/tr><tr><td class=\"has-text-align-center\" data-align=\"center\">ALUM. EDUARDO VILLACORTA CASMA<\/td><td class=\"has-text-align-center\" data-align=\"center\">Facultad de Ingenier\u00eda Industrial y Sistemas<\/td><td class=\"has-text-align-center\" data-align=\"center\"><\/td><td class=\"has-text-align-center\" data-align=\"center\">Miembro Titular<\/td><\/tr><\/tbody><\/table><figcaption class=\"wp-element-caption\">Miembros actuales de la Comisi\u00f3n de Fiscalizaci\u00f3n<\/figcaption><\/figure>\n","protected":false},"excerpt":{"rendered":"<p>La Comisi\u00f3n Permanente de Fiscalizaci\u00f3n es el \u00f3rgano especial responsable de vigilar la gesti\u00f3n acad\u00e9mica, administrativa y econ\u00f3mica de la UNI. Cuenta con amplias facultades para solicitar informaci\u00f3n a toda instancia interna de la Universidad. Est\u00e1 obligada a guardar la debida confidencialidad de la informaci\u00f3n proporcionada, bajo responsabilidad. Nombres y Apellidos Facultad Categor\u00eda Condici\u00f3n MAG. [&hellip;]<\/p>\n","protected":false},"author":1,"featured_media":31,"parent":0,"menu_order":0,"comment_status":"closed","ping_status":"closed","template":"","meta":{"footnotes":""},"class_list":["post-79","page","type-page","status-publish","has-post-thumbnail","hentry"],"_links":{"self":[{"href":"https:\/\/cpf-dev.uni.edu.pe\/index.php?rest_route=\/wp\/v2\/pages\/79","targetHints":{"allow":["GET"]}}],"collection":[{"href":"https:\/\/cpf-dev.uni.edu.pe\/index.php?rest_route=\/wp\/v2\/pages"}],"about":[{"href":"https:\/\/cpf-dev.uni.edu.pe\/index.php?rest_route=\/wp\/v2\/types\/page"}],"author":[{"embeddable":true,"href":"https:\/\/cpf-dev.uni.edu.pe\/index.php?rest_route=\/wp\/v2\/users\/1"}],"replies":[{"embeddable":true,"href":"https:\/\/cpf-dev.uni.edu.pe\/index.php?rest_route=%2Fwp%2Fv2%2Fcomments&post=79"}],"version-history":[{"count":1,"href":"https:\/\/cpf-dev.uni.edu.pe\/index.php?rest_route=\/wp\/v2\/pages\/79\/revisions"}],"predecessor-version":[{"id":81,"href":"https:\/\/cpf-dev.uni.edu.pe\/index.php?rest_route=\/wp\/v2\/pages\/79\/revisions\/81"}],"wp:featuredmedia":[{"embeddable":true,"href":"https:\/\/cpf-dev.uni.edu.pe\/index.php?rest_route=\/wp\/v2\/media\/31"}],"wp:attachment":[{"href":"https:\/\/cpf-dev.uni.edu.pe\/index.php?rest_route=%2Fwp%2Fv2%2Fmedia&parent=79"}],"curies":[{"name":"wp","href":"https:\/\/api.w.org\/{rel}","templated":true}]}}